*3 + 9*u**2 - 2*u + 44. Let y be b(9). Let i be (6/(-4))/(((-105)/(-260))/(-7)). What is the greatest common factor of i and y?
26
Let y(r) = 3*r**2 - 15*r - 42. Let a be y(-6). Suppose -3*k + 420 = -a. What is the greatest common divisor of k and 144?
48
Let w = -2570 - -5378. What is the greatest common factor of 728 and w?
104
Let v be 1853 - ((-111)/(-407) - (-102)/(-11)). Calculate the greatest common divisor of 57 and v.
19
Suppose 4*o = -2*z + 62, 6*z - 8*z + 60 = 5*o. Suppose 5*b - z = 3*b + c, 5*b + 2*c = 74. What is the highest common divisor of 12 and b?
4
Let p(j) = 12 - 2 - 4*j + 2 - 2*j. Let w be p(3). Let a be w/(-7)*7/2. What is the greatest common divisor of a and 3?
3
Let q(a) = a + 25. Let x be q(12). Suppose -4*f = s - 107, -63 - 50 = -s + 2*f. What is the greatest common factor of s and x?
37
Let c be (443 - 2) + -2 + 5. Suppose 0 = 2*a + o - 54, -10*o = 5*a - 6*o - 144. Calculate the greatest common divisor of c and a.
12
Let w be 3/((-30)/52)*(-465)/186. Suppose 0 = 5*t - 270 - 315. Calculate the greatest common factor of w and t.
13
Let m(f) = -3*f**2 + 27*f + 10. Let d(o) = 7*o**2 - 11*o + 11. Let n be d(1). Let z be m(n). Calculate the greatest common divisor of z and 39.
13
Let y be (2 - 1)*(0 + 21). Let o = -46935 - -46956. Calculate the highest common divisor of o and y.
21
Let o(r) = r**2 + 8*r - 2. Let t be o(-7). Let u = t - -20. Let d(g) = 2*g**2 - 216*g + 4659. Let b be d(79). Calculate the greatest common divisor of b and u.
11
Let i(d) = 6220*d + 99877. Let r be i(-16). Suppose 3*a - 34 = 2*a. Calculate the highest common factor of r and a.
17
Suppose -57 = -0*r - 3*r. Suppose -9*u + 170 = -514. Calculate the greatest common factor of r and u.
19
Let x(l) = 13*l - 5. Let m be x(-3). Let n = m + 34. Let i(u) = u**3 + 9*u**2 - 13*u - 24. Let b be i(n). Calculate the greatest common divisor of 54 and b.
6
Suppose -3*t - 2*b = -0*t - 1408, -2*b - 932 = -2*t. Calculate the highest common divisor of 72 and t.
36
Suppose -83*m + 91*m - 1328 = 0. Let n = m + -112. What is the highest common factor of 18 and n?
18
Suppose -45*y + 48*y - 7992 = 0. Calculate the greatest common factor of 37 and y.
37
Let r be 1*(-11)/(11/186) + -1. Let g = r - -216. What is the greatest common factor of 203 and g?
29
Suppose -7*d + 648 = -3*d + 2*d. Calculate the highest common factor of 2322 and d.
54
Suppose 6*t = 139 + 173. Suppose 2*y + 39 = 3*x - t, y = 5*x - 161. What is the highest common divisor of 1023 and x?
33
Let w be (-34)/4 + (-2)/(-4). Let p(u) = 2 - 44*u + 7*u + u**3 + 19*u + 10*u + 7*u**2. Let x be p(w). Calculate the greatest common factor of x and 16.
2
Suppose -2*a - 3*a + 25 = 0. Let m be 1060/(-34)*391/(-46). What is the greatest common divisor of a and m?
5
Let w be 1*7 - (413/(-35))/(2/170). Calculate the greatest common divisor of 160 and w.
10
Suppose -3*d + 111 = m, -d + 4*m - 48 = -2*d. Let a = -481 + 859. What is the highest common factor of a and d?
18
Suppose -10*a + 36096 = 5*a + 9*a. Calculate the greatest common divisor of 47 and a.
47
Let n = -35 + 9. Let g be (1/(-3))/(n/2340). Calculate the greatest common factor of 10 and g.
10
Suppose 0 = -1521*k + 1529*k - 2208. What is the greatest common factor of k and 96?
12
Let d be 6/2 - 1 - -2. Let l be 170/d*(-144)/(-90). Suppose -4*k + 20 = k, 0 = g + 2*k - 25. Calculate the highest common divisor of l and g.
17
Suppose 0 = 5*c + 1683 + 557. Let j = c + 1603. Let l be (j/(-6))/(-11)*10. What is the greatest common factor of l and 25?
25
Suppose -412 + 1243 + 1073 = 119*b. Calculate the highest common divisor of b and 7744.
16
Let p be 2 + (6/4 - 1)*888. Suppose 86 = -7*c - p. Let y = c - -78. What is the greatest common factor of y and 26?
2
Suppose 0 = -6*y - 6 + 48. Let o = -47 - -51. Suppose -o*t + 39 = 35. Calculate the highest common factor of t and y.
1
Suppose 5*j - 156 = z, 4*j = 5*z + 110 - 2. Let w be (-176)/j*(-9 + (1 - 2)). Let y be (132/10)/(6/20). What is the highest common divisor of w and y?
11
Let g(y) = -y**3 + 3*y**2 - 3*y + 3. Let r be (-1)/(8/20)*2. Let u be g(r). Let o be u/8 + 2/(-8). What is the highest common factor of o and 27?
27
Let k be (-2)/(-1 - (-3 - -4)). Let j be -1 + (272/28 - 2/(-7)). Let x = -5 + j. Calculate the greatest common divisor of k and x.
1
Let z = -2518 - -3764. Suppose -j = v - 4, -5 + 1 = 4*v - j. Suppose 8 = -2*x, v = -5*i + 2*x + z - 338. What is the highest common divisor of i and 45?
45
Let r be (-1694)/35 - 2/(-5). Let m be 3/2*r/(-9). Let j be (-40)/(-3)*(-21 - -24). What is the highest common divisor of m and j?
8
Let z be ((-5)/((-10)/(-12)))/(55/(-220)). Calculate the highest common factor of z and 148.
4
Let b be ((-1)/(-1))/((-3)/168). Let a be (-4)/(-6) - b/6. Let y(n) = n**2 - 33*n + 322. Let w be y(16). What is the highest common factor of w and a?
10
Let l be (-12 + 7 + (-111)/(-2))*-4. Let m = -97 - l. Calculate the greatest common factor of m and 63.
21
Let b be (1/42)/((-2)/(-8)) + (-116900)/(-7350). Let o be (48/(-15))/((-6)/45). Let r be (o/(-20))/(1/(-120)). Calculate the highest common factor of r and b.
16
Let v be 9/2*5840/60. Let r = 458 - v. Let h(w) = -10*w. Let q be h(-6). Calculate the greatest common divisor of r and q.
20
Let m(c) = -c + 5. Let p(i) = i**3 - 16*i**2 - 18*i + 12. Let x be p(17). Let t be m(x). What is the highest common factor of t and 1090?
10
Let q be (-126)/(-72) - 2175/(-60). Calculate the greatest common factor of 29 and q.
1
Suppose -3*r = -4*p - 114, -2 - 8 = 5*r. Let c = p + 20. Let y = c - -36. What is the highest common divisor of 26 and y?
26
Let q be 11080/1662*((-353)/(-5) + -1). What is the highest common divisor of q and 3074?
58
Let y(g) = 2*g**2. Let j be y(3). Let r = 352778 + -352688. Calculate the highest common divisor of j and r.
18
Let y = -324 - -312. Let f(t) = -t**3 - 8*t**2 - 4*t - 16. Let h be f(y). What is the highest common factor of h and 76?
76
Let m = -1044 - -2253. What is the greatest common divisor of 39 and m?
39
Let c be 0/271*((-10)/(-8) - (-6)/(-24)). Let o(a) = -16*a + 1. Let k be o(-1). Suppose k*r + 2*r - 342 = c. What is the greatest common factor of 126 and r?
18
Suppose -15*c - 116886 = -48*c. Calculate the greatest common divisor of c and 22.
22
Let j be 1911/28 - (3 - (-45)/(-12)). What is the greatest common divisor of j and 4?
1
Suppose -56 = 10*n - 406. Let y be 4*1 + n + -29. Calculate the highest common factor of 90 and y.
10
Let a(p) = 2*p - 7. Let f be a(6). Suppose i + 91 = f. Let j = 122 + i. What is the greatest common divisor of 12 and j?
12
Let b(c) = -11*c**3 - 2*c**2. Suppose 3*d - 15 = 3*t, d = -3*t - d. Let i be b(t). Let a = 150 - i. What is the greatest common factor of a and 14?
14
Let o(u) = -7*u**2 - 8. Let y be o(-6). Let j = y + 463. What is the greatest common divisor of j and 29?
29
Suppose 0 = 7*y - 6*y - 115. Let z(a) = 11*a**2 - 48*a - 36. Let p be z(-1). Calculate the greatest common factor of y and p.
23
Suppose 7*l = 13*l - 3204. Let b = l - 530. What is the highest common factor of 10 and b?
2
Let f(z) = -71 + z - 67 + 36 - 4*z. Let s be f(-41). What is the highest common divisor of 9 and s?
3
Let t(b) = 2375*b + 779. Let i be t(1). Calculate the highest common factor of 114 and i.
38
Suppose -1360 = -16*o - 0*o. Let y = o + -73. Let q = 32 - -28. Calculate the highest common factor of q and y.
12
Let g = 1845 + -1791. What is the greatest common factor of g and 1179?
9
Suppose -3*f - 2*o = -101, 235 = -4*o + 239. Let b(i) = 8*i**2 - i - 22. Let w be b(-11). Calculate the greatest common divisor of w and f.
33
Let y(m) = 12*m**2 + 4*m - 3. Let t be y(3). Let a be 89*-7*(-12)/42. Let o = 256 - a. Calculate the highest common divisor of t and o.
39
Suppose 0 = 3*g - 5*a - 965, -g + a + 159 + 158 = 0. What is the highest common divisor of g and 1612?
62
Let t(v) = -1 - 4*v - 8 - 3 + 5. Let d be t(-3). Suppose -d*f + 194 = -4*o, f - 58 = -3*o - o. Calculate the greatest common divisor of f and 6.
6
Suppose 3*j - 22*t = -17*t + 126263, 0 = -2*t + 10. Calculate the highest common divisor of 48 and j.
48
Suppose -29 = -3*y + 31. Suppose r - y = -4*r. Suppose -w - 2*m + 36 = 0, 0*w - r*w = -2*m - 184. What is the highest common divisor of w and 4?
4
Let u be 1476/28 - 4/(-14). Let s 